1))/(0 - -1)) a composite number?
False
Suppose -2*a + 775530 = 2*z, -8*a - 3*z + 2836321 = -265789. Is a a composite number?
False
Let f = 6576 + 9305. Is f a composite number?
False
Is (4/2)/((-154)/(-1089011)) composite?
False
Suppose 4*i + 6*u - 622400 = 0, -5*i - 2*u + 454802 = -323231. Is i prime?
True
Let j(i) be the first derivative of 5*i**3/3 + i**2 + 4*i + 11. Let o be j(7). Let l = o + -96. Is l composite?
False
Suppose -3*m + 2*w = -36755, 5*m - 5*w = -6*w + 61254. Is m composite?
False
Suppose 263*b + 608745 = 268*b + 2*r, 0 = -2*b + 3*r + 243498. Is b a composite number?
True
Suppose 7*i - 4*i = -21. Let j(p) = p**3 - 18*p**2 + 5*p - 11. Let q(w) = -w**3 + 19*w**2 - 6*w + 12. Let h(b) = i*j(b) - 6*q(b). Is h(-8) prime?
True
Let a(m) be the first derivative of -m**2 + 15*m - 13. Let f be a(8). Is 2/8 - f/((-12)/(-38745)) a composite number?
False
Suppose -35*a + 215739 - 119165 = -210691. Is a a composite number?
False
Let b = 17 - 297. Let m = -168 + -225. Let s = b - m. Is s prime?
True
Is (0 + -1)/(-22 - (-3223065)/146503) a prime number?
False
Let u(x) = 5009*x**2 + 2*x + 62. Is u(-5) a prime number?
False
Suppose 2*m + 99 = -3*d, -3*d - m + 99 = -6*d. Let c = 24 + d. Let i(x) = 14*x**2 + 19*x - 4. Is i(c) composite?
True
Let u be (-7403)/66*(1 - 7). Suppose 4*d + 11 = 3*g - 13, 0 = 4*g - d - 19. Suppose g*h - u = 3*h + 2*c, -5*h + 3365 = 2*c. Is h a composite number?
False
Is (-2)/3 + (-37908066)/(-882) a composite number?
False
Suppose -5*l + 116 = 2*s + s, 0 = -2*l + 2*s + 56. Suppose 5*y - l = 0, -2*b - 2*y + y = -5271. Is b composite?
False
Let d(b) = 496*b**2 + 93*b - 380. Is d(17) composite?
True
Let d(r) = -r**3 - 6*r**2 + 8*r + 10. Suppose -7*l = -8*l - 7. Let u be d(l). Suppose u*s = 15 + 144. Is s a composite number?
False
Suppose -15*x + 752 = 77. Let z be (-2)/9 + 640/x. Let t(k) = 8*k**2 + 24*k - 3. Is t(z) a composite number?
False
Suppose -113 = x + 5*v + 56, 3*v = -4*x - 676. Let k = 92 + x. Let f = k - -148. Is f a composite number?
False
Suppose -429 = 4*l + 29*l. Is (l/(-5) + -3)*42710/(-4) prime?
True
Let t(x) = 2228*x + 1005. Is t(22) composite?
False
Suppose -2*n = -47 + 35. Let a be (75/20)/5 + (-6)/8. Suppose 0 = 2*i + 8, -t + n*t + 2*i - 1857 = a. Is t a prime number?
True
Let r = 631385 + -445282. Is r prime?
True
Let l(m) = -m**2 - 10*m - 18. Let q be l(-6). Let g(c) = 4*c**3 + 8*c**2 - 6*c - 7. Let u be g(q). Let h = 1938 - u. Is h a prime number?
True
Suppose 0 = 27*q - 4*q - 322. Suppose -82259 + 20057 = -q*s. Is s composite?
True
Let w(z) = 13*z**2 + 692*z - 835. Is w(114) prime?
True
Let s be (-136)/85*(50/(-4))/5. Suppose 3*c - 1341 = -x - x, 5*c = -s*x + 2233. Is c composite?
False
Let s be ((-6)/(-3))/(10/52175). Let p be (s/2 + 2)*(-40)/(-20). Suppose 9*t - 838 = p. Is t a prime number?
False
Suppose u - 147 = -m + 2*u, -5*u = -2*m + 309. Let p be 20/(-10)*m/(-4). Suppose p*a = 66*a + 12365. Is a composite?
False
Suppose -4*u - 294*d + 299*d = -5084873, -6356121 = -5*u + 2*d. Is u prime?
True
Let t = 18 + -10. Suppose -3*a + 38*u - 33*u + 24 = 0, -5*u = 4*a + 3. Is (-370)/t*(-8)/6*a a composite number?
True
Let f = -1012634 + 1436437. Is f a prime number?
True
Let w(d) = 7908*d**2 + 42*d - 89. Is w(2) a composite number?
False
Suppose -5*r + 196423 = l - 715240, -8*r + 1458662 = l. Is r a prime number?
True
Let j(a) = 10*a + 35. Let l be j(-3). Suppose -4*m + l*k = -5661, 0*k - k - 5 = 0. Is m a composite number?
False
Suppose 2*u + 5240 - 114770 = -4*p, 0 = 3*u - 4*p - 164225. Is u a composite number?
False
Let s(i) = -160*i**2 + 10*i. Let c be s(4). Let h = -1603 - c. Suppose -3*z + 4*z - h = 0. Is z a prime number?
False
Let t(b) be the second derivative of 46*b**5/5 + b**4/12 - 13*b**3/6 + 41*b**2/2 + 36*b. Is t(6) a prime number?
False
Let o(p) = -75*p + 157. Let l = 101 + -109. Is o(l) prime?
True
Let a = 49964 + -28740. Let w = a - 14703. Is w a prime number?
True
Let w = 838 - -3. Let q be (189/6)/((-25)/(-400)). Let l = w - q. Is l composite?
False
Suppose 4503*o + 11055265 = 4516*o. Is o prime?
False
Let p be (-3 + 4)*(-1 - -2)*4. Let y be -8 - -15 - (p - 1). Suppose 4968 = y*z - l, 2*z + 3*l = z + 1255. Is z a prime number?
False
Suppose -2 + 206 = 12*m. Suppose m*t = 53994 + 132547. Is t a composite number?
False
Suppose 127381866 = 19*l + 109*l + 10*l. Is l composite?
True
Suppose -23*c + 22*c = -13232. Let x be 8/(-28) + c/7. Suppose -2*q - 2*y + x = -6*y, 4*y - 4711 = -5*q. Is q a prime number?
False
Let u be 22/5 - (240/50)/12. Suppose h + u*h - 2930 = -5*m, -5*h = -m + 586. Is m a prime number?
False
Suppose -20*m = 51*m - 1749511. Is m a composite number?
True
Let m = -215 - -215. Suppose 5*c + 28*h = 25*h + 3902, m = -3*c - 2*h + 2342. Is c composite?
True
Let q be (-2866 + 7)*(-6 + 2). Suppose -163*a + 167*a = q. Is a a prime number?
False
Let z(n) = -6*n**3 - 11*n**2 - 7*n - 9. Suppose -i - 99 = 4*m - 2*i, 3*m - i + 74 = 0. Let g = -32 - m. Is z(g) a prime number?
True
Let k(c) = -355*c + 41. Let v(q) = -532*q + 61. Let r(d) = 8*k(d) - 5*v(d). Is r(-7) prime?
True
Suppose y - 2*d - 323 = 89, 1256 = 3*y - d. Is (-251)/(-3)*y/20 prime?
False
Let y be (0*(-2)/(-8))/1. Suppose 0 = 4*m - y + 8. Is 16812/24 + 1*(-1)/m composite?
False
Suppose 2*s + 2 = -3*t - 0*t, 0 = 5*s - t + 5. Is (33/9 + s)*(-187707)/(-52) a prime number?
False
Let u(l) = -222*l**2 + 6*l - 4. Let j be u(2). Let k = j + 2031. Is k a prime number?
True
Let f = -304 - -1279. Let q = 3092 - f. Is q prime?
False
Is (746208 - (-5 - -6)) + 1 + -13 a prime number?
False
Suppose 257052 = -68*s + 1860766 + 1489674. Is s composite?
False
Is ((-3)/5*40/36)/((-1)/622299) a prime number?
False
Let i(b) = -11*b - 8. Let g be i(-3). Suppose -3*a + 11 = 4*r, -a = -2*r + 4*a + g. Is ((-397)/r)/(42/(-35) + 1) prime?
True
Suppose -2*g + 7*z + 750 = 5*z, -3*g - 5*z = -1157. Let r = g - 42. Is r a composite number?
False
Let t = -97216 - -137639. Is t a prime number?
True
Let k(o) = -3*o - 38. Let d be k(-14). Suppose 3 - 7 = n, 2*y + d = -5*n. Suppose -9*f + 10937 = -y*f. Is f composite?
False
Let a be ((-36)/(-27))/((-4)/102). Let k be (-6)/51 - 29346/a. Suppose -4*y - n + k = -0*y, -5*y - 2*n = -1075. Is y composite?
True
Let f(l) = l**2 - l + 1344. Let o(q) = q**2 + 8*q + 12. Let z be o(-6). Let k be f(z). Let w = k + -946. Is w prime?
False
Suppose -306*h + 254*h = -1155908. Is h prime?
True
Let i be 486/(-24) + ((-52)/(-16) - 3). Let f = i - -28. Let y(m) = 119*m**2 + 2*m - 23. Is y(f) a composite number?
True
Suppose 1362 = 2*c - 3*b - 1004, -2*b = -3*c + 3549. Suppose 65 = 64*j - 63. Suppose 5*n - c = -j*g, 0 = 2*n + 4*g + g - 490. Is n prime?
False
Let h = -10903 + 21600. Is h composite?
True
Suppose 5*d = -3*o + 2 - 1, 10 = 2*d. Let i(h) = 9*h**2 + 8*h + 8. Let n be i(0). Is 6/n + -355*22/o a prime number?
True
Suppose 2*p - 418381 = -c, -31*c - 4*p = -28*c - 1255143. Is c a prime number?
True
Let n = 73 - 77. Let f(s) = 50*s**3 + 2*s**2 + 6*s + 2. Let h be f(n). Let t = h + 5436. Is t composite?
True
Let i = 839 + -199. Let x be (i/100)/(4/(-30)). Is (-25688)/x - (-3)/(-18) a composite number?
True
Let v be (26/(-78) + (-1)/(-3))/(-5). Suppose v = 31*o - 13*o - 35226. Is o a prime number?
False
Let z = -5 + 13. Let q(k) = -17*k**2 - 4*k - 46. Let l(n) = -50*n**2 - 16*n - 139. Let b(d) = 3*l(d) - 10*q(d). Is b(z) composite?
False
Suppose -239759 + 34233 = -2*s. Is s a composite number?
False
Suppose 44*c - 15*c = 1876561. Is c a prime number?
True
Let g(z) = z**3 - 8*z**2 - 11*z + 6. Let c be g(9). Let n(d) = 19*d**2 + 64*d - 85. Let u(i) = 5*i**2 + 16*i - 21. Let m(w) = -2*n(w) + 9*u(w). Is m(c) prime?
True
Let l(t) = 30*t**2 + 63*t + 1456. Is l(-53) a prime number?
True
Let y = -895680 + 1294567. Is y composite?
False
Let a(h) = 13*h**3 + h**2 + 11*h - 32. Let p be a(6). Suppose 16*t - p = 15*t. Is t composite?
True
Let v(z) = -14 + 351*z - 341*z + 0*z**2 + 5*z**2. Is v(-13) a prime number?
True
Suppose 5*d = 3*d - 3*a + 2088, 3*d - 3139 = -a. Suppose -2*o + 932 = -0*o. Let q = d - o. Is q prime?
False
Let g = 836204 - 577971. Is g prime?
True
Let y(c) = 239*c - 8. Let d be y(-20). Let f = -3389 - d. Is f a composite number?
False
Let i(a) = 133*a - 591*a - 7588 + 7423. Is i(-17) composite?
False
Let k = 1586